the greatest common factor of 1207 and 1955?
17
What is the greatest common divisor of 931848 and 7872?
984
Calculate the highest common divisor of 9911 and 4862.
187
What is the highest common divisor of 30 and 1090?
10
Calculate the greatest common factor of 517194 and 59.
59
Calculate the greatest common divisor of 4 and 77108.
4
Calculate the greatest common divisor of 2701165 and 5.
5
Calculate the greatest common divisor of 1440 and 60160.
160
What is the highest common factor of 6084 and 5328?
36
What is the highest common factor of 8418 and 1830?
366
Calculate the greatest common factor of 3913 and 3754244.
559
Calculate the highest common divisor of 17812 and 2774.
146
What is the greatest common factor of 598 and 862615?
299
Calculate the highest common factor of 119 and 121023.
119
What is the highest common factor of 68885 and 4255?
115
Calculate the greatest common divisor of 8996 and 91.
13
What is the greatest common factor of 12 and 336948?
12
Calculate the highest common divisor of 1127 and 1472.
23
What is the greatest common divisor of 960 and 166?
2
What is the highest common divisor of 4394 and 1586?
26
Calculate the greatest common divisor of 114686 and 6435.
143
Calculate the greatest common factor of 38869 and 376.
47
Calculate the highest common factor of 1421 and 111157.
29
What is the highest common factor of 161570 and 214?
214
What is the greatest common divisor of 3056 and 7856?
16
What is the greatest common divisor of 2889 and 19367?
107
Calculate the highest common divisor of 12909 and 156.
39
What is the greatest common divisor of 1146208 and 392?
392
Calculate the highest common factor of 1036 and 448.
28
Calculate the highest common factor of 17415 and 215.
215
Calculate the highest common factor of 255 and 11705.
5
What is the greatest common factor of 293100 and 210?
30
Calculate the greatest common divisor of 319 and 9309.
29
Calculate the greatest common factor of 30276 and 36.
36
Calculate the greatest common divisor of 99246 and 203.
7
Calculate the highest common factor of 2150 and 1170030.
430
Calculate the greatest common factor of 403 and 84878.
31
Calculate the greatest common divisor of 23184 and 108.
36
Calculate the highest common divisor of 152 and 59356.
76
What is the highest common divisor of 680935 and 1445?
85
Calculate the highest common factor of 31561 and 185.
37
What is the highest common factor of 2164882 and 136?
34
Calculate the highest common factor of 72 and 115848.
72
What is the highest common divisor of 1472 and 72864?
736
Calculate the highest common factor of 1226391 and 31.
31
What is the highest common factor of 988 and 874?
38
What is the greatest common divisor of 6722816 and 256?
256
Calculate the highest common divisor of 42896 and 112.
112
Calculate the greatest common factor of 4761 and 2.
1
Calculate the highest common factor of 2752 and 5607200.
1376
Calculate the highest common divisor of 9 and 1316853.
9
Calculate the highest common factor of 36572 and 164.
164
What is the greatest common factor of 352721 and 37?
37
Calculate the greatest common divisor of 17271 and 6327.
171
What is the highest common factor of 33098 and 6422?
494
What is the highest common divisor of 1885 and 3683?
29
What is the highest common divisor of 3403 and 8549?
83
What is the greatest common divisor of 1414 and 1326938?
202
Calculate the highest common divisor of 87543 and 1278.
639
Calculate the greatest common divisor of 2298 and 99197.
383
What is the highest common factor of 660 and 5511?
33
Calculate the greatest common divisor of 145 and 2510.
5
What is the highest common divisor of 2540 and 393446?
254
Calculate the highest common divisor of 5421 and 237690.
417
Calculate the greatest common divisor of 419956 and 536.
268
What is the greatest common divisor of 1229723 and 363?
121
What is the highest common factor of 53750 and 1290?
430
What is the greatest common factor of 11 and 24979?
1
What is the greatest common divisor of 176 and 127864?
88
What is the highest common divisor of 11802 and 54?
6
Calculate the highest common divisor of 408 and 352104.
408
What is the greatest common divisor of 18344 and 24?
8
Calculate the greatest common divisor of 332 and 8300.
332
Calculate the highest common factor of 32 and 383632.
16
Calculate the highest common divisor of 3587 and 75749.
211
Calculate the highest common factor of 15677 and 11407.
61
What is the greatest common divisor of 606119 and 13432?
1679
What is the greatest common factor of 19 and 57665?
19
What is the greatest common divisor of 2137599 and 18?
9
Calculate the greatest common divisor of 4822203 and 1173.
1173
Calculate the greatest common divisor of 364 and 68276.
52
What is the highest common divisor of 3381 and 2001?
69
What is the highest common divisor of 170 and 13630?
10
Calculate the highest common factor of 34504 and 304.
152
Calculate the highest common divisor of 165206 and 68.
34
What is the greatest common divisor of 20 and 1401970?
10
Calculate the highest common factor of 3310 and 370.
10
Calculate the greatest common divisor of 10230 and 56730.
930
Calculate the greatest common divisor of 353508 and 8544.
1068
What is the highest common divisor of 1079 and 16600?
83
What is the greatest common divisor of 376 and 1410?
94
Calculate the highest common factor of 10207 and 9853.
59
What is the highest common divisor of 27605 and 5?
5
What is the greatest common factor of 182 and 18816?
14
What is the greatest common factor of 7782 and 420?
6
Calculate the greatest common divisor of 600 and 123900.
300
Calculate the highest common divisor of 3764 and 47991.
941
Calculate the highest common divisor of 11377 and 165517.
367
Calculate the highest common factor of 396 and 9270.
18
What is the highest common factor of 145 and 2847220?
145
Calculate the highest common factor of 19012 and 3136.
196
What is the greatest common factor of 267 and 55091?
89
Calculate the highest common divisor of 1529190 and 1872.
234
Calculate the greatest common factor of 783 and 17487.
261
What is the highest common divisor of 7 and 101521?
7
Calculate the highest common divisor of 46244 and 176.
44
What is the greatest common factor of 16 and 349424?
16
What is the highest common divisor of 16 and 783352?
8
Calculate the highest common divisor of 6364 and 9116.
172
Calculate the highest common factor of 7891 and 4849.
13
Calculate the greatest common divisor of 10368 and 300.
12
Calculate the highest common divisor of 15 and 536565.
15
Calculate the highest common factor of 530 and 6294.
2
What is the greatest common factor of 2076 and 11937?
519
Calculate the greatest common divisor of 123 and 39.
3
Calculate the highest common factor of 108621 and 27702.
729
What is the greatest common divisor of 83274 and 78?
6
Calculate the highest common divisor of 38198 and 710.
142
What is the highest common factor of 243 and 100197?
81
Calculate the greatest common divisor of 855360 and 675.
135
Calculate the highest common factor of 58 and 96686.
58
Calculate the highest common factor of 107 and 93.
1
Calculate the highest common divisor of 555 and 65220.
15
What is the highest common factor of 3 and 2237?
1
What is the greatest common factor of 368 and 433412?
92
What is the highest common divisor of 1795704 and 72?
24
What is the greatest common factor of 41178 and 4?
2
Calculate the highest common divisor of 9920 and 88960.
320
Calculate the greatest common divisor of 2151 and 36.
9
What is the greatest common factor of 56240 and 40700?
740
What is the highest common factor of 102780 and 192?
12
Calculate the highest common factor of 1171548 and 315.
63
Calculate the greatest common factor of 1145 and 45.
5
Calculate the greatest common factor of 38918 and 122.
122
What is the greatest common factor of 395720 and 26?
26
What is the greatest common divisor of 735 and 19860?
15
Calculate the greatest common divisor of 1390 and 3760.
10
What is the greatest common divisor of 323 and 25764?
19
Calculate the highest common divisor of 7 and 60487.
7
Calculate the greatest common factor of 330 and 78144.
66
What is the greatest common factor of 91260 and 1944?
108
What is the highest common factor of 1308747 and 33?
33
What is the h